o?
5
Suppose 6 = -0*z - 3*z. What is the remainder when 10 - 3/(-1) - 2 - z is divided by 3?
1
Calculate the remainder when ((-27492)/464)/(2/(-8)) is divided by 52.
29
Suppose 373*w + 196 = 375*w. Calculate the remainder when 291 is divided by w.
95
Suppose 0 = 3*c - 78 - 21. Calculate the remainder when c is divided by 21.
12
Let c(g) = -48*g. What is the remainder when c(-1) is divided by 11?
4
Suppose 4*p = -8*p - 384. What is the remainder when 12/p + 2070/16 is divided by 33?
30
Suppose 5*k - 2*v + 54 = 106, 44 = 5*k - 4*v. What is the remainder when 79 is divided by k?
7
Suppose 0 = -5*x - 4*l + 345, 0 = -18*l + 17*l. What is the remainder when x is divided by 23?
0
Let s(j) = 33*j - 2. Let t = 5 - 2. Let a be s(t). Suppose -4*l + 4*o = -92, 0*l - 4*o = 3*l - a. Calculate the remainder when l is divided by 14.
13
Let m(u) = 8*u - 63. What is the remainder when m(11) is divided by 16?
9
What is the remainder when 74 is divided by 19775/280 - (-3)/8?
3
Suppose 3*g - 90 = -6*g. Suppose 3*m = 5*c + 4*m - 40, g = -2*m. What is the remainder when 9 is divided by c?
0
Let x(t) = t**2 - 19*t + 3. Let r be x(19). Suppose -z + 5 = r*f - 138, 5*f = 4*z + 244. What is the remainder when f is divided by 10?
8
Let q(n) = n**3 + 6*n**2 + 6*n + 1. Let p be q(-3). Calculate the remainder when -76*5/p*-1 is divided by 8.
6
Suppose 11 - 11 = -q. Suppose -6*c + c = 5*g - 45, -3*c = q. What is the remainder when 34 is divided by g?
7
Suppose 2*g - 15 = -3*g. Suppose -g = a - 5. Let d(i) = i**2 - i - 4. What is the remainder when a is divided by d(3)?
0
Let m(w) = -4*w - 3. Let u be m(-7). Suppose -u - 45 = -5*n. What is the remainder when n is divided by 5?
4
Suppose 7*l = -4*l + 902. What is the remainder when l is divided by 30?
22
Let d(b) = b**2 - 4*b + 6. Let k be d(3). Suppose 0*s - 20 = -3*s + 5*q, -k*s + 34 = 2*q. What is the remainder when 29 is divided by s?
9
Let w(z) = 16*z + 384. What is the remainder when 165 is divided by w(-19)?
5
Let a(h) = -4*h**2 + 130*h + 76. Suppose -57 = -m + 2*g, 4*m - 201 - 47 = 4*g. Calculate the remainder when m is divided by a(33).
7
Suppose -k + 69 = 4*v, -7*v - 389 = -5*k - 5*v. Suppose -44 = -0*b - 2*b. What is the remainder when k is divided by b?
11
Calculate the remainder when 7084/63 + ((-15)/(-27) - 1) is divided by 60.
52
Let w(v) = 10*v**2 + 2*v. Let d(j) = -5*j**2 - j. Let s(u) = -15*d(u) - 6*w(u). Suppose 6 = -3*k - 0*k. What is the remainder when s(k) is divided by 14?
12
Let t(a) = a**2 + 9*a + 12. Let r be t(-8). Let z be (-818)/(-22) + r/(-22). Let x = z + -34. Calculate the remainder when 15 is divided by x.
0
Let n = 34 - 3. Let x(s) be the third derivative of -s**4/12 - s**3/3 + s**2. Calculate the remainder when n is divided by x(-5).
7
Let m = 1433 + -1423. What is the remainder when 109 is divided by m?
9
Let y(l) = -4*l - 37. Calculate the remainder when 417 is divided by y(-11).
4
Suppose -8*f = -126 - 18. Suppose 4*t + 38 = 3*c, 0*c - 2*c + f = t. Calculate the remainder when 57 is divided by c.
7
Suppose 0 = -w + 2. Let i(k) = -k**3 + 4*k**2 - 3*k. Let v be i(w). Suppose -4*q + 60 = -v*q. What is the remainder when q is divided by 16?
14
Calculate the remainder when 131 is divided by (6 - (-2)/(-1))*(-12)/(-8).
5
Let m = 9 + -3. Let n(r) = r**2 - 6*r + 8. Suppose 3*k + 10 = q - 17, -k + 6 = 0. Calculate the remainder when q is divided by n(m).
5
Suppose 10*g = 13*g - 12. Suppose -g*d = -4*z - 0 + 48, -5*z - 4*d = -78. Calculate the remainder when z is divided by 9.
5
Let f(v) = -2*v + 23. Let c be f(12). Let t(a) = -32*a - 3. Calculate the remainder when t(c) is divided by 10.
9
Suppose 0*c - 20 = -4*c. Let m(g) = 2*g**2 - 5*g - 2. Suppose -x - 173 = -2*s - 0*s, -381 = -4*s - 5*x. Calculate the remainder when s is divided by m(c).
20
Let w(j) = 11*j + 1. Let k = -863 + 928. What is the remainder when k is divided by w(2)?
19
What is the remainder when 22 is divided by (-3)/3*(-4 - (0 - -3))?
1
Let r = -11 - -263. Calculate the remainder when r is divided by 64.
60
Suppose 16*o = 17*o - 230. What is the remainder when o is divided by 223?
7
Let s = -13 - -3. Let p = 12 + s. Suppose p*d = -a + 17, 5*a + 3*d = 2*a + 36. What is the remainder when 26 is divided by a?
5
Suppose 5*v = f - 4*f + 169, -4*f + 256 = -v. What is the remainder when f is divided by 19?
6
Let u(a) = -62*a + 3. Calculate the remainder when u(-3) is divided by 50.
39
Let f = -599 + 613. Let p be 1/(3*(-2)/(-762)). Suppose -3*s + p = -35. What is the remainder when s is divided by f?
12
Let k = 1417 + -658. Calculate the remainder when k is divided by 40.
39
Calculate the remainder when ((-56)/12 + 3)*(-2178)/33 is divided by 59.
51
Let z = 190 - 154. Calculate the remainder when (284/(-6))/(10/(-30)) is divided by z.
34
Suppose 86*i - 90*i + 1052 = 0. Calculate the remainder when i is divided by 70.
53
Suppose j - 2*b + 4 = 3*j, 2*j - 2*b - 8 = 0. Suppose 5*z - j*r = 2 + 39, 0 = 2*r - 6. Calculate the remainder when 37 is divided by z.
7
Let l(m) = -m**3 + 7*m**2 - 9*m + 6. Let o be l(5). Suppose 3*h + o = 4*d + 111, 2*d + 8 = 0. What is the remainder when h is divided by 15?
13
Let m = 25 - 19. Let z(d) = d**2 + 8*d. Let f be z(-5). What is the remainder when 1/(-3) + (-320)/f is divided by m?
3
Let b be ((-3)/9)/((-2)/2370). Suppose 2*u = 5*x - b, 3 = 2*x - 7. Calculate the remainder when (u/10)/((-1)/2) is divided by 13.
11
Let y(c) = c**3 - 7*c**2 - 3*c + 8. Let z(t) = -8*t**3 + 2*t + 1. Let j be z(-1). Let f be y(j). What is the remainder when 34 is divided by 6/(-39) - 158/f?
10
Let o be (-195)/(1*(-4)/(-20)). Suppose 10 = h - w, 3*h - 36 = -h + 5*w. Calculate the remainder when 21 is divided by o/(-91) + 4/h.
10
Suppose -3*b = 119 - 512. Let g = b - 117. Suppose -2*f = f - 159. Calculate the remainder when f is divided by g.
11
Let z(q) = -4*q**2 + q + q**2 - 4*q**3 - 4*q + 5*q**3. Let s be z(4). What is the remainder when 18 is divided by s + (-3)/(-4)*4?
4
Let a(q) = q**2 - 2*q - 4. Suppose -4*n + 3*j = -383, -356 - 22 = -4*n + 2*j. Let z = -15 + n. Calculate the remainder when z is divided by a(6).
17
Let t(r) = -r**2 + 30*r - 97. Calculate the remainder when t(22) is divided by 19.
3
Let c = 127 + -112. What is the remainder when 71 is divided by c?
11
Suppose -1 = -3*g + 11, g = -3*v + 121. Let z = 53 - v. Calculate the remainder when 39 is divided by z.
11
Let z(p) = 26*p**3. What is the remainder when 126 + 11 - (-13 + 21) is divided by z(1)?
25
Suppose 2 - 14 = -3*q. Let y(h) = h**3 - 3*h**2 - 4*h - 5. Let x be y(q). Let o = x + 16. Calculate the remainder when 43 is divided by o.
10
Suppose 1464 = -8*b - 0*b. Let c = b - -405. Calculate the remainder when c is divided by 45.
42
Let b = -3 + 5. Suppose -k = -4*i + 59, -b*k - 5 - 1 = -i. What is the remainder when 57 is divided by i?
9
Suppose -4*c = 2*b - 64, 5*c - 32 = -3*b + 65. Suppose -3*w + 2*w = -z - 6, 3*z = -3. Calculate the remainder when b is divided by (8 + w - 5) + -1.
6
Suppose -51*j + 1239 = -750. What is the remainder when 382 is divided by j?
31
Let k(i) = -3*i + 4. Suppose -8 = 2*o, m - 4*o = -m + 16. What is the remainder when k(-5) is divided by (7 - m/2)/1?
5
Let c be (-2)/(1/(-3)*2) + -14. Let k(t) = -t**3 - 11*t**2 - t - 2. What is the remainder when 14 is divided by k(c)?
5
Let h = -51 + 59. Suppose 110 = 2*y + h*y. Suppose -47 = -r + 2*n, -168 = -4*r - 0*r - 2*n. What is the remainder when r is divided by y?
10
Let c(g) = -g**2 - 25. Let d be c(0). Let u = -15 - d. Suppose -3*s + 97 = 5*b - 50, 112 = 4*b + s. What is the remainder when b is divided by u?
7
Let a = 25 + -6. Suppose -5*v + 31 = 2*o, -5*o + 3*v + 68 = -25. Let q = 25 - o. Calculate the remainder when a is divided by q.
5
Let c(g) be the second derivative of -g**5/5 - g**4/12 + g**3/6 - g**2/2 + 19*g. Calculate the remainder when 98 is divided by c(-2).
23
Let x(d) = 7*d**2 + 10*d + 5. Calculate the remainder when x(-7) is divided by 10.
8
Suppose -2 = -g + 18. What is the remainder when -1 + (-1326)/(-33) - (-4)/(-22) is divided by g?
19
Suppose 5*g = 10, -5*d = -10*d + 5*g - 95. Let q = d - -57. Let p(z) = -z**3 + 7*z**2 - 5*z - 4. What is the remainder when q is divided by p(5)?
19
Let c(f) = f**3 + 5*f**2 - 5. Suppose 5*u = 5*h + 5, -3*h + 5*u = h + 1. Calculat